 12 divide 8674?
False
Is 7 a factor of 9688?
True
Is 16 a factor of 92?
False
Is 18391 a multiple of 56?
False
Is 264 a multiple of 12?
True
Is 18576 a multiple of 86?
True
Does 11 divide 141?
False
Is 55379 a multiple of 16?
False
Is 4657 a multiple of 10?
False
Does 59 divide 7700?
False
Is 7 a factor of 4053?
True
Is 1029 a multiple of 2?
False
Is 2210 a multiple of 13?
True
Is 1528 a multiple of 12?
False
Is 1930 a multiple of 101?
False
Does 13 divide 6227?
True
Is 9 a factor of 348?
False
Does 20 divide 2100?
True
Is 2875 a multiple of 23?
True
Does 7 divide 3697?
False
Is 150 a factor of 21005?
False
Is 76 a factor of 1859?
False
Is 2700 a multiple of 20?
True
Is 1019 a multiple of 76?
False
Does 2 divide 4383?
False
Is 10 a factor of 20080?
True
Is 86 a factor of 3793?
False
Is 61 a factor of 9709?
False
Does 39 divide 679?
False
Does 294 divide 24358?
False
Does 24 divide 74976?
True
Is 58 a factor of 42282?
True
Is 3198 a multiple of 100?
False
Is 8 a factor of 622?
False
Is 11 a factor of 702?
False
Is 422 a multiple of 35?
False
Is 31 a factor of 124?
True
Is 370 a multiple of 43?
False
Is 2261 a multiple of 41?
False
Is 50196 a multiple of 21?
False
Is 56 a multiple of 2?
True
Does 10 divide 50052?
False
Is 1716 a multiple of 78?
True
Is 95696 a multiple of 291?
False
Does 82 divide 15744?
True
Is 11 a factor of 6611?
True
Does 20 divide 700?
True
Does 118 divide 33637?
False
Does 8 divide 1200?
True
Does 39 divide 975?
True
Is 34370 a multiple of 58?
False
Is 3519 a multiple of 23?
True
Is 21218 a multiple of 24?
False
Is 30237 a multiple of 146?
False
Is 4320 a multiple of 90?
True
Is 65 a factor of 16900?
True
Is 10 a factor of 3320?
True
Does 150 divide 32850?
True
Does 14 divide 305?
False
Does 10 divide 222?
False
Is 15 a factor of 645?
True
Does 4 divide 6872?
True
Is 8250 a multiple of 22?
True
Does 53 divide 1150?
False
Does 17 divide 281?
False
Does 33 divide 16797?
True
Does 73 divide 13432?
True
Does 21 divide 47673?
False
Does 15 divide 2838?
False
Is 1653 a multiple of 19?
True
Does 9 divide 216?
True
Does 49 divide 23726?
False
Does 26 divide 364?
True
Is 53 a factor of 645?
False
Does 11 divide 5809?
False
Is 18225 a multiple of 25?
True
Is 741 a multiple of 2?
False
Does 10 divide 7440?
True
Is 17 a factor of 20536?
True
Does 31 divide 344?
False
Is 5513 a multiple of 10?
False
Is 1043 a multiple of 31?
False
Does 7 divide 6846?
True
Is 8508 a multiple of 6?
True
Does 19 divide 1384?
False
Is 71100 a multiple of 30?
True
Does 23 divide 53337?
True
Is 2747 a multiple of 41?
True
Does 3 divide 8043?
True
Is 26411 a multiple of 58?
False
Is 578 a multiple of 15?
False
Does 12 divide 27144?
True
Does 46 divide 246?
False
Is 600 a multiple of 60?
True
Does 41 divide 3265?
False
Is 1388 a multiple of 173?
False
Is 21756 a multiple of 3?
True
Does 15 divide 4335?
True
Is 18 a factor of 1377?
False
Does 40 divide 720?
True
Is 14 a factor of 2660?
True
Is 82 a factor of 16810?
True
Does 31 divide 511?
False
Does 136 divide 53162?
False
Is 21 a factor of 7497?
True
Does 15 divide 4395?
True
Is 6 a factor of 150?
True
Does 7 divide 129?
False
Is 24 a multiple of 3?
True
Is 5248 a multiple of 82?
True
Is 13 a factor of 1205?
False
Does 14 divide 22834?
True
Does 17 divide 5846?
False
Is 148 a factor of 335?
False
Is 68 a factor of 28537?
False
Does 5 divide 3280?
True
Is 15 a factor of 147374?
False
Is 89 a multiple of 34?
False
Does 30 divide 259?
False
Does 8 divide 3672?
True
Does 157 divide 3924?
False
Does 12 divide 36108?
True
Is 51888 a multiple of 92?
True
Is 4422 a multiple of 5?
False
Is 26 a factor of 1513?
False
Is 12 a factor of 204?
True
Does 33 divide 41580?
True
Is 10 a factor of 1197?
False
Does 14 divide 918?
False
Does 280 divide 31304?
False
Is 6 a factor of 6?
True
Does 77 divide 2489?
False
Is 7506 a multiple of 18?
True
Does 9 divide 2259?
True
Is 6996 a multiple of 33?
True
Does 10 divide 16770?
True
Does 17 divide 153?
True
Is 29631 a multiple of 10?
False
Does 60 divide 3000?
True
Is 8412 a multiple of 5?
False
Is 393 a multiple of 6?
False
Is 32563 a multiple of 10?
False
Does 46 divide 945?
False
Is 12 a factor of 91350?
False
Does 36 divide 1368?
True
Does 21 divide 2016?
True
Does 59 divide 649?
True
Does 14 divide 1493?
False
Is 35 a factor of 428?
False
Does 9 divide 7812?
True
Is 35 a factor of 939?
False
Is 3936 a multiple of 16?
True
Does 38 divide 4826?
True
Does 58 divide 1624?
True
Is 380 a multiple of 10?
True
Does 68 divide 2312?
True
Is 1057 a multiple of 63?
False
Does 12 divide 143484?
True
Is 95 a factor of 3135?
True
Is 97 a factor of 22887?
False
Is 26 a factor of 747?
False
Is 2754 a multiple of 3?
True
Is 17 a factor of 381?
False
Is 292 a multiple of 77?
False
Does 44 divide 440?
True
Does 6 divide 324?
True
Is 595 a multiple of 35?
True
Is 56 a factor of 3864?
True
Is 10 a factor of 243?
False
Is 43 a factor of 15652?
True
Is 102 a factor of 18666?
True
Does 24 divide 12720?
True
Is 23 a factor of 23920?
True
Is 24 a factor of 1191?
False
Is 56629 a multiple of 90?
False
Does 31 divide 496?
True
Is 592 a multiple of 32?
False
Is 50 a factor of 28700?
True
Is 9 a factor of 377?
False
Is 61161 a multiple of 121?
False
Is 100 a factor of 10200?
True
Is 21685 a multiple of 8?
False
Is 1564 a multiple of 17?
True
Does 7 divide 315?
True
Does 32 divide 1027?
False
Does 14 divide 2014?
False
Does 31 divide 2044?
False
Is 2259 a multiple of 25?
False
Does 67 divide 67?
True
Is 10 a factor of 4650?
True
Is 154 a factor of 1743?
False
Does 13 divide 4074?
False
Is 24960 a multiple of 260?
True
Is 31114 a multiple of 49?
False
Is 12 a factor of 1884?
True
Does 17 divide 1385?
False
Does 14 divide 446?
False
Is 3562 a multiple of 13?
True
Is 128 a factor of 7040?
True
Is 364 a multiple of 26?
True
Does 11 divide 24071?
False
Does 41 divide 1025?
True
Is 391 a factor of 25028?
False
Does 12 divide 432?
True
Is 333 a multiple of 26?
False
Is 103 a factor of 19759?
False
Is 1105 a multiple of 13?
True
Is 65 a factor of 2470?
True
Is 19 a factor of 2483?
False
Does 28 divide 103852?
True
Is 262 a multiple of 3?
False
Is 37 a factor of 1776?
True
Is 9046 a multiple of 4?
False
Is 57 a factor of 1140?
True
Does 10 divide 373?
False
Does 30 divide 688?
False
Does 56 divide 542?
False
Does 7 divide 721?
True
Does 41 divide 7134?
True
Is 15 a factor of 765?
True
Is 37597 a multiple of 7?
True
Does 66 divide 54918?
False
Is 86 a multiple of 2?
True
Does 40 divide 5968?
False
Is 3 a factor of 1855?
False
Is 10 a factor of 62780?
True
Is 83 a factor of 19505?
True
Is 32 a factor of 96?
True
Does 36 divide 517?
False
Does 8 divide 2392?
True
Does 25 divide 3887?
False
Is 124 a factor of 21235?
False
Does 18 divide 16650?
True
Is 8 a factor of 1457?
False
Is 26 a factor of 27352?
True
Is 986 a multiple of 22?
False
Is 137380 a multiple of 55?
False
Is 15 a factor of 815?
False
Is 23 a factor of 276?
True
Is 19 a factor of 209?
True
Is 13 a factor of 12382?
False
Is 3003 a multiple of 91?
True
Does 12 divide 1584?
True
Is 2 a factor of 2133?
False
Is 4 a factor of 144?
True
Is 4 a factor of 2707?
False
Does 14 divide 71022?
True
Is 9 a factor of 7407?
True
Is 3232 a multiple of 16?
True
Is 25 a factor of 184?
False
Is 864 a multiple of 9?
True
Is 243 a multiple of 29?
False
Does 12 divide 1204?
False
Is 1771 a multiple of 77?
True
Is 48 a factor of 6672?
True
Does 20 divide 95000?
True
Is 18393 a multiple of 15?
False
Does 59 divide 1888?
True
Does 76 divide 76?
True
Does 4 divide 520?
True
Is 11329 a multiple of 18?
False
Is 220 a multiple of 8?
False
Is 27 a factor of 4474?
False
Does 4 divide 25617?
False
Is 1845 a multiple of 15?
True
Is 23 a factor of 345?
True
Is 19666 a multiple of 51?
False
Is 7 a factor of 2331?
True
Is 60 a factor of 43216?
False
Is 171 a multiple of 9?
True
Does 73 divide 3431?
True
Does 5 divide 19094?
False
Is 65 a factor of 17198?
False
Is 14 a factor of 172191?
False
Is 250 a factor of 12559?
False
Is 53592 a multiple of 84?
True
Does 10 divide 52?
False
Does 6 divide 78?
True
Is 6768 a multiple of 36?
True
Is 26 a factor of 13211?
False
Is 65 a multiple of 6?
False
Does 2 divide 700?
True
Is 66 a factor of 4072?
False
Does 67 divide 351?
False
Does 23 divide 4117?
